1190 - 1576. Suppose 3 = -c, 5*c - 166 = m - 18. Let p = m - h. Is p a composite number?
False
Is -2 + 19/(209/178761) a prime number?
True
Let o = 26526 + 45137. Is o composite?
False
Let x(n) = -23497*n - 20193. Is x(-10) prime?
False
Suppose -2636 = 2*t - 3*z, 9*t + 5250 = 5*t - 5*z. Let g = -786 - t. Is g a composite number?
True
Is (-4)/6 - 14350296/(-792)*11 prime?
False
Let n be (10/16)/(1/(-4))*-58. Is n - ((-30)/6 + 1) prime?
True
Let p = -370 - -518. Let j(o) = -2*o**2 - o + 331. Let x be j(0). Suppose f = p + x. Is f a composite number?
False
Suppose -2*h - 8 = 2*v, h + 6 = v - 4. Let p be 181*(0 + 1) - -1. Suppose 589 = v*r - p. Is r a prime number?
True
Let m(n) = -373*n**2 + 4*n - 1. Let u be m(4). Let y = u - -18188. Is y a composite number?
True
Suppose 5*x - 3 = 4*x. Suppose -8*i = 4*i. Suppose i = -2*n + x*n - 719. Is n a composite number?
False
Let z(c) = c**3 + 2*c**2 + 8*c + 57961. Is z(0) a prime number?
False
Let j(l) = 253811*l**2 - 40*l - 47. Is j(-2) a prime number?
True
Suppose 2*o = -4*p + 7 - 5, 2*o + 5*p = -2. Suppose o*t - 38088 = -4437. Is t prime?
True
Let x(s) = 2*s**2 - 2*s - 4. Let t be x(-4). Let z be (-8)/t - (-4 + 2617/9). Let o = z - -1996. Is o composite?
False
Let b(n) be the third derivative of n**6/60 + n**5/30 - n**4/6 + 7*n**3/6 - 29*n**2. Is b(3) a prime number?
True
Let r = 38296 + -22025. Let d = -28152 - -17628. Let f = d + r. Is f composite?
True
Suppose 3*v - 26845 = 4*k, 5*v + k = -4*k + 44765. Suppose r = 3, -4*b + v + 3339 = 2*r. Is b a composite number?
True
Let d(o) be the third derivative of -391*o**4/6 + o**3/2 + 2*o**2. Suppose 6 = 5*t - 5*c - 4, t - 5*c = 14. Is d(t) prime?
True
Let z(b) = -2*b**3 - 63*b**2 + b - 17. Is z(-36) a composite number?
True
Let b(l) = 2516*l - 3913. Is b(6) a composite number?
True
Let s(g) = g**3 - 2*g**2 - 8*g - 8. Let w be s(6). Suppose 77*z - w*z + 6479 = 0. Is z a prime number?
False
Suppose 230*u = 226*u + 337052. Is u composite?
False
Is (18 + (-595)/34)*(74922 - -4) a prime number?
True
Is ((-338122)/4)/((-1)/((-34)/(7 + -24))) prime?
False
Suppose -22 = -3*g + 5. Suppose 2*d = 5*d - g. Is ((3 - d) + (-2 - -1))*-97 a prime number?
True
Is 141509 - 32 - 3/(3 + (-15)/4) composite?
False
Suppose 0 = -16*r - 95*r + 4490949. Is r prime?
True
Suppose -p - 208799 = -4*p - 14000. Is p composite?
True
Let y(m) = 34*m - 63. Suppose 6*u = 17 - 17. Suppose 2*l + 3*b + 0*b = 34, u = -l - b + 17. Is y(l) composite?
True
Let q = 129074 - 85575. Is q a composite number?
False
Let k = 19 + -11. Let d be 31251/44 - (-6)/k. Suppose -6*x + d = -627. Is x prime?
True
Suppose -128*h = -325*h + 116249503. Is h a composite number?
False
Let c be 1 - ((-154)/2)/(-1). Suppose 0 = -5*h + 5, -h + 39 = -r - 1. Let l = r - c. Is l a prime number?
True
Is (-213025)/20*-4 - 16 prime?
True
Let v = 3928 + -2224. Let u(f) = -17*f**2 + 4. Let y be u(-5). Let t = v + y. Is t composite?
False
Let t(s) = 24*s**2 + 99*s + 1181. Is t(74) a composite number?
True
Let i(p) = -p**2 - 35*p - 19. Suppose -9*o = -0*o + 270. Is i(o) a prime number?
True
Let m = 261 + -398. Let f = -134 - m. Suppose 2*s + s - 5*w = 157, -5*w = f*s - 197. Is s a composite number?
False
Suppose 47631 = -2773*q + 2776*q. Is q composite?
False
Let a(v) = v**2 + 7*v - 22. Let b be a(-10). Suppose 3888 = -b*n + 192. Let j = n - -964. Is j composite?
True
Suppose -2*z + 2*b + 2*b = -96386, -192798 = -4*z - 5*b. Suppose -21*p - z = -323906. Is p composite?
True
Suppose -58299 = 5*j + 18*j + 20269. Let w = 3389 + -5748. Let u = w - j. Is u a composite number?
True
Let p be (-4)/(-6)*459/34. Suppose -2*r - 65737 = -p*r. Is r a composite number?
False
Let o(v) = 38*v**2 - 5*v - 7. Let d be o(-6). Let y = d + -932. Suppose 8*w + y = k + 4*w, 5*w - 2195 = -5*k. Is k a prime number?
True
Let h = 266241 + -126384. Is h a composite number?
True
Let a = 20663 + -12015. Suppose 5*q + a = 533. Is (q/(-9))/((-2)/(-6)) composite?
False
Suppose 551*w - 549*w + 5*y = 98614, -y - 98590 = -2*w. Is w prime?
True
Let f = -52 - -33. Let r(p) = -270*p - 77. Is r(f) a composite number?
True
Let i be -1 - (-4 - (0 + -17)). Is i/133 - (-131083)/19 composite?
False
Let g = -160312 - -238539. Is g a composite number?
True
Suppose -4*y - k + 2*k = -12, 14 = -y - 4*k. Let q(h) = 22*h + 8*h**y - 7 - 9*h + 16*h**2 + h**3. Is q(-17) composite?
True
Suppose 4*l + l = 3*b - 11052, 4*b + 2192 = -l. Let t = l + 4513. Is t a prime number?
False
Suppose 74*y - 217*y = -10394527. Is y prime?
True
Suppose 3*v = 4*v + 4*z + 6, 4*v + 4*z = -12. Let i be v - -3 - (0 + -2). Suppose i*c = -3*j - c + 2623, -c = 2*j - 1742. Is j a prime number?
False
Suppose -3*d + 25 - 157 = 0. Is (-4)/22 + (-3 - 393456/d) composite?
True
Suppose 35 = 3*i - i + 3*p, -i - 10 = -4*p. Suppose 0 = -5*j - 5*v - 0*v - i, 2*v = -8. Suppose 0 = -m + 4, -2*m = -3*r + j*r + 1401. Is r prime?
True
Let g(v) = -4*v - 14. Let d be g(-5). Suppose 927 = -3*w - d*w. Let n = w + 836. Is n prime?
True
Let y(p) = 87*p**2 - 23*p + 86. Let o be y(6). Is (8 + o + -2)*1/2 composite?
False
Suppose 3*x + 1 = 2*p, 0*p - 5 = -p - 3*x. Suppose n + 169 = p*n. Let o = n - -184. Is o prime?
True
Suppose 0 = 5*k - 246 - 134. Is (2521/(-4))/(k/(-304)) composite?
False
Let v = -28315 + 59864. Is v a prime number?
False
Suppose 0 = 3*d + 653 + 577. Let r = -81 - d. Is r a composite number?
True
Is 101254/(-4)*(28 + -50 + 16) a prime number?
False
Suppose -4*v + 3*s = -165455, -418*v - 4*s = -417*v - 41397. Is v a composite number?
True
Let a(q) = -q**3 - 6*q**2 + 7*q + 11. Let n be a(-7). Suppose 6*u = n*u - 90. Is (-4)/u + (-28700)/(-36) composite?
False
Suppose 2*g - 161 - 371 = 0. Let c be (6 + g/(-35))/(2/(-245)). Is c - 9 - (-2 - (3 + -1)) a prime number?
True
Let o = 57419 - 11398. Is o a composite number?
False
Suppose -5*j + 1880998 = -5*v + 370433, 2*v = -5*j + 1510607. Is j prime?
False
Let b(a) be the second derivative of 303*a**5/20 + a**4/12 - 2*a**3/3 - a**2/2 - 11*a. Let g(y) = y**3 + y - 1. Let x(r) = -b(r) - 2*g(r). Is x(-2) prime?
False
Let h be ((-51)/34)/(2/(-4)). Suppose 1930 = -h*j - 3230. Let g = 4253 + j. Is g a composite number?
True
Suppose 5 + 43 = -4*j. Let n(d) = d**2 + 17 + 2*d**2 - 2*d**2 + 7*d. Is n(j) prime?
False
Suppose 0 = -d - 0*d + 4. Suppose -m + q = -4*m + 2621, -2611 = -3*m + d*q. Is (5/15)/1*m a composite number?
True
Is (-5343375)/(-33) - (-6)/11 a prime number?
True
Let l = -34 + 34. Suppose -70 + 1242 = j + p, 5*j - 4*p - 5833 = l. Is j prime?
False
Suppose 62961 = 3*c + 5*l, l + 20987 = -419*c + 420*c. Is c prime?
False
Let c = 81551 + 59660. Is c a composite number?
True
Let d be (-3 + (-54)/(-14))/(3/(-21)). Is d/(-4)*143738/21 composite?
False
Suppose -139*s + 6814449 = 114*s - 10*s. Is s composite?
True
Let z = -2511 - -5852. Is z prime?
False
Let r be (6/4)/(5/(-30)). Let o be r/6 - (-6)/12. Is (3/1)/((3/(-422))/o) a prime number?
False
Let q = -6457 - -2607. Let o = 643 - q. Is o a composite number?
False
Let v = 3798240 + -2018497. Is v prime?
False
Suppose 34178 = 4*f - 2*b, -13*b + 11*b + 25637 = 3*f. Is f a prime number?
False
Suppose -a = -4*t + 78, -2*a + 91 = 3*t + 2*t. Suppose t*g - 17*g = 10. Suppose -3*l + g*l + 4*y = 4126, 2*y = 2*l - 4096. Is l prime?
True
Let j(r) = 34*r**2 + 2*r + 161. Let k be j(-15). Let q = k - -5868. Is q a prime number?
True
Let l = 2922 - 1795. Let d = l + 1386. Is d prime?
False
Suppose 0 = -10*h + 16 + 4. Suppose -4 = -3*k + 2*n + 5, -h*k + 6 = -5*n. Suppose -5*m - 973 - 1158 = -k*o, 3*o - 2113 = -4*m. Is o a prime number?
False
Suppose -5*j - 7 = -4*j - 4*z, 5*j - 4*z - 13 = 0. Suppose d - 357 + 26 = -2*o, 20 = -j*o. Is d composite?
True
Suppose -3971268 = -14*g + 527674. Is g a prime number?
False
Let u = 489417 + 59992. Is u prime?
False
Is (354808/(-10))/(-7 - 1 - (-988)/130) a prime number?
False
Suppose -4521967 = -3*w - t, 114*t = -4*w + 117*t + 6029272. Is w a composite number?
False
Let i(a) = 1983*a**3 - a + 1. Let x(v) be the first derivative of -991*v**4/2 + v**2/2 - v - 30. Let o(r) = -3*i(r) - 4*x(r). Is o(1) prime?
True
Suppose -19*c + t = -24*c + 1641235, 656494 = 2*c - t. Is c composite?
True
Let m(p) = -28*p**3 + 18 + 12*p - 3*p**2 - 4*p**2 + 37. Is m(-6) a prime number?
True
Suppose 3*v + 20856 = 7*v. Le